{"id":10,"date":"2016-09-25T05:48:19","date_gmt":"2016-09-25T05:48:19","guid":{"rendered":"http:\/\/sv-buero-richter.com\/?page_id=10"},"modified":"2017-02-24T07:16:37","modified_gmt":"2017-02-24T07:16:37","slug":"impressum","status":"publish","type":"page","link":"https:\/\/sv-buero-richter.com\/?page_id=10","title":{"rendered":"Impressum"},"content":{"rendered":"<h2 class=\"p1\">Verantwortlich f\u00fcr den Inhalt<\/h2>\n<p class=\"p1\">J\u00f6rg Richter<br \/>\n<span class=\"s1\">Johann-Konrad-Sch\u00e4fer-Str. 6<br \/>\n<\/span><span class=\"s1\">35039 Marburg<\/span><br \/>\nTelefon +49 (0) 6421 \/ 30 88 60<br \/>\nE-Mail <a href=\"http:\/\/info@sv-buero-richter.com\">info@sv-buero-richter.com<br \/>\n<\/a>USt.-Id.-Nr. DE 03186061339<\/p>\n<h2 class=\"p1\">Design &amp; Programmierung<\/h2>\n<p class=\"p1\">Melanie Brand<br \/>\n20360 Anza Avenue<br \/>\nLos Angeles 90503, Kalifornien<br \/>\nTelefon +1 (424) 376 7231<br \/>\nE-Mail <a href=\"mailto:melaniexbrand@icloud.com\">melaniexbrand@icloud.com<\/a><\/p>\n","protected":false},"excerpt":{"rendered":"<p>Verantwortlich f\u00fcr den Inhalt J\u00f6rg Richter Johann-Konrad-Sch\u00e4fer-Str. 6 35039 Marburg Telefon +49 (0) 6421 \/ 30 88 60 E-Mail info@sv-buero-richter.com USt.-Id.-Nr. DE 03186061339 Design &amp; Programmierung Melanie Brand 20360 Anza &#8230;<\/p>\n","protected":false},"author":1,"featured_media":0,"parent":0,"menu_order":0,"comment_status":"closed","ping_status":"closed","template":"","meta":{"footnotes":""},"class_list":["post-10","page","type-page","status-publish","hentry"],"_links":{"self":[{"href":"https:\/\/sv-buero-richter.com\/index.php?rest_route=\/wp\/v2\/pages\/10","targetHints":{"allow":["GET"]}}],"collection":[{"href":"https:\/\/sv-buero-richter.com\/index.php?rest_route=\/wp\/v2\/pages"}],"about":[{"href":"https:\/\/sv-buero-richter.com\/index.php?rest_route=\/wp\/v2\/types\/page"}],"author":[{"embeddable":true,"href":"https:\/\/sv-buero-richter.com\/index.php?rest_route=\/wp\/v2\/users\/1"}],"replies":[{"embeddable":true,"href":"https:\/\/sv-buero-richter.com\/index.php?rest_route=%2Fwp%2Fv2%2Fcomments&post=10"}],"version-history":[{"count":4,"href":"https:\/\/sv-buero-richter.com\/index.php?rest_route=\/wp\/v2\/pages\/10\/revisions"}],"predecessor-version":[{"id":159,"href":"https:\/\/sv-buero-richter.com\/index.php?rest_route=\/wp\/v2\/pages\/10\/revisions\/159"}],"wp:attachment":[{"href":"https:\/\/sv-buero-richter.com\/index.php?rest_route=%2Fwp%2Fv2%2Fmedia&parent=10"}],"curies":[{"name":"wp","href":"https:\/\/api.w.org\/{rel}","templated":true}]}}